ded by 130.
126
Calculate the remainder when 76281 is divided by 78.
75
Calculate the remainder when 177731 is divided by 29620.
11
Calculate the remainder when 31015 is divided by 30998.
17
What is the remainder when 7583 is divided by 943?
39
What is the remainder when 114031 is divided by 67?
64
What is the remainder when 1375 is divided by 812?
563
What is the remainder when 1441 is divided by 174?
49
What is the remainder when 27214 is divided by 45?
34
What is the remainder when 44172 is divided by 271?
270
Calculate the remainder when 5971 is divided by 1484.
35
What is the remainder when 2975 is divided by 175?
0
What is the remainder when 1417 is divided by 519?
379
Calculate the remainder when 52035 is divided by 1626.
3
Calculate the remainder when 237237 is divided by 159.
9
What is the remainder when 84962 is divided by 12137?
3
Calculate the remainder when 10279 is divided by 17.
11
Calculate the remainder when 2699 is divided by 246.
239
Calculate the remainder when 24315 is divided by 392.
11
Calculate the remainder when 2317 is divided by 103.
51
What is the remainder when 340031 is divided by 17?
14
What is the remainder when 8184 is divided by 40?
24
Calculate the remainder when 134120 is divided by 583.
30
What is the remainder when 1329 is divided by 226?
199
What is the remainder when 6792 is divided by 1266?
462
Calculate the remainder when 868 is divided by 537.
331
What is the remainder when 1789 is divided by 1738?
51
Calculate the remainder when 19152 is divided by 1736.
56
Calculate the remainder when 848368 is divided by 19.
18
What is the remainder when 3091 is divided by 17?
14
Calculate the remainder when 3002 is divided by 348.
218
Calculate the remainder when 464898 is divided by 6117.
6
Calculate the remainder when 31922 is divided by 7980.
2
Calculate the remainder when 5096 is divided by 1600.
296
What is the remainder when 16665 is divided by 194?
175
What is the remainder when 102409 is divided by 4266?
25
What is the remainder when 1313265 is divided by 152?
137
What is the remainder when 125548 is divided by 266?
262
What is the remainder when 152008 is divided by 3234?
10
Calculate the remainder when 13653 is divided by 6263.
1127
Calculate the remainder when 18316 is divided by 158.
146
What is the remainder when 13466 is divided by 118?
14
Calculate the remainder when 48892 is divided by 2875.
17
What is the remainder when 196399 is divided by 283?
280
What is the remainder when 163269 is divided by 1372?
1
What is the remainder when 285118 is divided by 576?
574
Calculate the remainder when 5682 is divided by 79.
73
Calculate the remainder when 66803 is divided by 33278.
247
Calculate the remainder when 3520 is divided by 3500.
20
What is the remainder when 9750463 is divided by 645?
643
What is the remainder when 2273 is divided by 2249?
24
Calculate the remainder when 5305 is divided by 2620.
65
Calculate the remainder when 29004 is divided by 516.
108
What is the remainder when 18069 is divided by 110?
29
Calculate the remainder when 20048 is divided by 5011.
4
What is the remainder when 75718 is divided by 14?
6
Calculate the remainder when 394278 is divided by 5.
3
Calculate the remainder when 171674 is divided by 175.
174
Calculate the remainder when 2489 is divided by 871.
747
What is the remainder when 22755 is divided by 304?
259
What is the remainder when 351 is divided by 52?
39
Calculate the remainder when 533461 is divided by 7.
5
Calculate the remainder when 834 is divided by 220.
174
What is the remainder when 1260 is divided by 1259?
1
Calculate the remainder when 16534 is divided by 4120.
54
What is the remainder when 7979 is divided by 70?
69
What is the remainder when 592 is divided by 24?
16
What is the remainder when 18973 is divided by 75?
73
What is the remainder when 2657 is divided by 2421?
236
Calculate the remainder when 28645 is divided by 219.
175
Calculate the remainder when 272220 is divided by 17.
16
Calculate the remainder when 1347298 is divided by 225.
223
Calculate the remainder when 25297 is divided by 2.
1
What is the remainder when 586032 is divided by 196?
188
What is the remainder when 49533 is divided by 1077?
1068
What is the remainder when 847 is divided by 614?
233
Calculate the remainder when 1090 is divided by 39.
37
Calculate the remainder when 7167 is divided by 123.
33
Calculate the remainder when 1883 is divided by 1775.
108
What is the remainder when 3471 is divided by 1019?
414
What is the remainder when 1579 is divided by 135?
94
Calculate the remainder when 57987 is divided by 234.
189
Calculate the remainder when 360352 is divided by 44.
36
Calculate the remainder when 2996 is divided by 797.
605
What is the remainder when 3259 is divided by 811?
15
Calculate the remainder when 123279 is divided by 120.
39
What is the remainder when 8983 is divided by 2240?
23
What is the remainder when 11635 is divided by 2893?
63
Calculate the remainder when 5862 is divided by 2924.
14
What is the remainder when 3334 is divided by 139?
137
What is the remainder when 8931 is divided by 2?
1
Calculate the remainder when 4238 is divided by 1929.
380
What is the remainder when 69593 is divided by 209?
205
Calculate the remainder when 1615 is divided by 97.
63
Calculate the remainder when 24162 is divided by 620.
602
Calculate the remainder when 33315 is divided by 202.
187
Calculate the remainder when 2262767 is divided by 282.
281
Calculate the remainder when 12827 is divided by 100.
27
What is the remainder when 108959 is divided by 76?
51
What is the remainder when 13645 is divided by 572?
489
Calculate the remainder when 94950 is divided by 56.
30
What is the remainder when 181097 is divided by 90548?
1
What is the remainder when 7995 is divided by 40?
35
Calculate the remainder when 3663 is divided by 229.
228
What is the remainder when 1037 is divided by 223?
145
Calculate the remainder when 3201 is divided by 248.
225
What is the remainder when 21115 is divided by 176?
171
Calculate the remainder when 2250 is divided by 59.
8
What is the remainder when 5867682 is divided by 638?
634
What is the remainder when 196939 is divided by 71?
56
What is the remainder when 19793 is divided by 9878?
37
What is the remainder when 23769 is divided by 1249?
38
What is the remainder when 8310 is divided by 4129?
52
Calculate the remainder when 7524 is divided by 145.
129
What is the remainder when 5088 is divided by 5086?
2
Calculate the remainder when 46 is divided by 43.
3
What is the remainder when 364164 is divided by 59?
16
Calculate the remainder when 107022 is divided by 35664.
30
What is the remainder when 3389 is divided by 1679?
31
Calculate the remainder when 3567 is divided by 3316.
251
What is the remainder when 207487 is divided by 151?
13
Calculate the remainder when 111204 is divided by 3587.
7
Calculate the remainder when 6208 is divided by 62.
8
Calculate the remainder when 1454487 is divided by 52.
47
What is the remainder when 56682 is divided by 18882?
36
Calculate the remainder when 1443 is divided by 469.
36
What is the remainder when 191938 is divided by 12?
10
Calculate the remainder when 3722 is divided by 7.
5
Calculate the remainder when 5387 is divided by 100.
87
What is the remainder when 733 is divided by 434?
299
What is the remainder when 5545 is divided by 118?
117
What is the remainder when 14441 is divided by 14441?
0
Calculate the remainder when 7541 is divided by 393.
74
Calculate the remainder when 9262418 is divided by 449.
446
Calculate the remainder when 168129 is divided by 2756.
13
What is the remainder when 34348 is divided by 37?
12
Calculate the remainder when 58113 is divided by 29.
26
What is the remainder when 20547 is divided by 5136?
3
Calculate the remainder when 11910 is divided by 1178.
130
What is the remainder when 17349 is divided by 3461?
44
Calculate the remainder when 3379 is divided by 876.
751
What is the remainder when 663 is divided by 27?
15
Calculate the remainder when 154 is divided by 73.
8
What is the remainder when 3525 is divided by 20?
5
Calculate the remainder when 2336 is divided by 208.
48
Calculate the remainder when 221488 is divided by 230.
228
What is the remainder when 4421 is divided b